{"id":16368,"date":"2025-10-23T14:58:14","date_gmt":"2025-10-23T18:58:14","guid":{"rendered":"https:\/\/canadianimaging.org\/2026-fr-candidature-des-conferenciers\/"},"modified":"2025-10-23T15:05:02","modified_gmt":"2025-10-23T19:05:02","slug":"2026-fr-candidature-des-conferenciers","status":"publish","type":"page","link":"https:\/\/canadianimaging.org\/fr\/2026-fr-candidature-des-conferenciers\/","title":{"rendered":"2027 Demande de conf\u00e9rencier"},"content":{"rendered":"\t\t<div data-elementor-type=\"wp-page\" data-elementor-id=\"16368\" class=\"elementor elementor-16368 elementor-15172\" data-elementor-post-type=\"page\">\n\t\t\t\t<div class=\"elementor-element elementor-element-7bb6540 e-grid e-con-boxed e-con e-parent\" data-id=\"7bb6540\" data-element_type=\"container\">\n\t\t\t\t\t<div class=\"e-con-inner\">\n\t\t\t\t<div class=\"elementor-element elementor-element-9a6370b elementor-widget elementor-widget-text-editor\" data-id=\"9a6370b\" data-element_type=\"widget\" data-widget_type=\"text-editor.default\">\n\t\t\t\t<div class=\"elementor-widget-container\">\n\t\t\t\t\t\t\t\t\t<p>Nous vous remercions de l\u2019int\u00e9r\u00eat que vous portez \u00e0 la pr\u00e9sentation d\u2019une conf\u00e9rence lors du<\/p>\n<p>Congr\u00e8s canadien de l\u2019image et Salon des exposants (CICE) !<\/p>\n<p>Nous sommes ravis de recevoir des demandes de conf\u00e9renciers passionn\u00e9s et novateurs.<\/p>\n<p>Lignes directrices pour les demandes d\u2019inscription<\/p>\n<p>Nous sommes constamment \u00e0 la recherche d\u2019id\u00e9es nouvelles et inspirantes qui captiveront et informeront notre auditoire. Votre proposition doit viser \u00e0 \u00e9duquer, motiver et trouver un \u00e9cho aupr\u00e8s de notre groupe diversifi\u00e9 de participants.<\/p>\n<p><strong>Les \u00e9l\u00e9ments cl\u00e9s \u00e0 prendre en compte pour votre soumission :<\/strong><\/p>\n<p>\u00b7 Notre public va des d\u00e9butants aux participants de niveau avanc\u00e9, la plupart \u00e9tant des professionnels exp\u00e9riment\u00e9s. Veuillez d\u00e9crire comment votre pr\u00e9sentation s\u2019adressera \u00e0 cet ensemble de comp\u00e9tences.<\/p>\n<p>\u00b7 Le CICE est con\u00e7u pour soutenir les photographes travaillant autant \u00e0 temps partiel qu\u2019\u00e0 temps plein. Votre contenu doit fournir des informations utiles et pertinentes pour ce spectre.<\/p>\n<p>\u00b7 Nous accueillons favorablement les sujets qui qui incitent les participants \u00e0 \u00e9largir leurs comp\u00e9tences et \u00e0 repousser les limites de la photographie.<\/p>\n<p>\u00b7 Vous disposerez de 90 minutes pour faire votre pr\u00e9sentation, ce qui inclut le temps pour les questions et les r\u00e9ponses.<\/p>\n<p>\u00b7 Notre objectif est d\u2019inspirer les participants avec de nouvelles perspectives et de les doter d\u2019outils pratiques et de connaissances qui leur permettront d\u2019\u00e9lever leur carri\u00e8re dans l\u2019industrie.<\/p>\n<p><strong>Remarques importantes:<\/strong><\/p>\n<p>\u00b7 La soumission ne garantit pas d\u2019\u00eatre s\u00e9lectionn\u00e9. Le nombre de places \u00e9tant limit\u00e9s, toutes les propositions seront soigneusement examin\u00e9es par le comit\u00e9 de planification du CICE.<\/p>\n<p>\u00b7 Les candidats seront inform\u00e9s de leur statut une fois le processus de s\u00e9lection termin\u00e9.<\/p>\n<p>Bonne chance ! Nous sommes impatients de conna\u00eetre vos id\u00e9es pour faire du CICE 2027 un \u00e9v\u00e9nement extraordinaire.<\/p>\n<p><em>~Michel Ingram<\/em><\/p>\n<p><strong>Remarque :<\/strong>\u00a0les candidatures pour le CICE 2027 sont d\u00e9sormais ferm\u00e9es. Si vous souhaitez prendre la parole lors du CICE 2027, veuillez remplir le formulaire de candidature avant le 7 juillet 2026.<\/p>\n\t\t\t\t\t\t\t\t<\/div>\n\t\t\t\t<\/div>\n\t\t\t\t\t<\/div>\n\t\t\t\t<\/div>\n\t\t<div class=\"elementor-element elementor-element-18542a7 e-flex e-con-boxed e-con e-parent\" data-id=\"18542a7\" data-element_type=\"container\">\n\t\t\t\t\t<div class=\"e-con-inner\">\n\t\t\t\t<div class=\"elementor-element elementor-element-177452e elementor-widget elementor-widget-shortcode\" data-id=\"177452e\" data-element_type=\"widget\" data-widget_type=\"shortcode.default\">\n\t\t\t\t<div class=\"elementor-widget-container\">\n\t\t\t\t\t\t\t<div class=\"elementor-shortcode\">\n<div class=\"wpcf7 no-js\" id=\"wpcf7-f15141-o1\" lang=\"en-US\" dir=\"ltr\" data-wpcf7-id=\"15141\">\n<div class=\"screen-reader-response\"><p role=\"status\" aria-live=\"polite\" aria-atomic=\"true\"><\/p> <ul><\/ul><\/div>\n<form action=\"\/fr\/wp-json\/wp\/v2\/pages\/16368#wpcf7-f15141-o1\" method=\"post\" class=\"wpcf7-form init\" aria-label=\"Contact form\" novalidate=\"novalidate\" data-status=\"init\">\n<fieldset class=\"hidden-fields-container\"><input type=\"hidden\" name=\"_wpcf7\" value=\"15141\" \/><input type=\"hidden\" name=\"_wpcf7_version\" value=\"6.1.5\" \/><input type=\"hidden\" name=\"_wpcf7_locale\" value=\"en_US\" \/><input type=\"hidden\" name=\"_wpcf7_unit_tag\" value=\"wpcf7-f15141-o1\" \/><input type=\"hidden\" name=\"_wpcf7_container_post\" value=\"0\" \/><input type=\"hidden\" name=\"_wpcf7_posted_data_hash\" value=\"\" \/><input type=\"hidden\" name=\"_wpcf7_recaptcha_response\" value=\"\" \/>\n<\/fieldset>\n<p><label> Nom<br \/>\n<span class=\"wpcf7-form-control-wrap\" data-name=\"your-name\"><input size=\"40\" maxlength=\"400\" class=\"wpcf7-form-control wpcf7-text wpcf7-validates-as-required\" autocomplete=\"nom\" aria-required=\"true\" aria-invalid=\"false\" value=\"\" type=\"text\" name=\"your-name\" \/><\/span> <\/label>\n<\/p>\n<p><label> Nom de l'entreprise<br \/>\n<span class=\"wpcf7-form-control-wrap\" data-name=\"nom-entreprise\"><input size=\"40\" maxlength=\"400\" class=\"wpcf7-form-control wpcf7-text wpcf7-validates-as-required\" autocomplete=\"off\" aria-required=\"true\" aria-invalid=\"false\" value=\"\" type=\"text\" name=\"nom-entreprise\" \/><\/span> <\/label>\n<\/p>\n<p><label> Site Web et Instagram<br \/>\n<span class=\"wpcf7-form-control-wrap\" data-name=\"site-web-et-instagram\"><input size=\"40\" maxlength=\"400\" class=\"wpcf7-form-control wpcf7-text wpcf7-validates-as-required\" autocomplete=\"off\" aria-required=\"true\" aria-invalid=\"false\" value=\"\" type=\"text\" name=\"site-web-et-instagram\" \/><\/span> <\/label>\n<\/p>\n<p><label> Exp\u00e9rience du conf\u00e9rencier<br \/>\n<span class=\"wpcf7-form-control-wrap\" data-name=\"text-462\"><input size=\"40\" maxlength=\"400\" class=\"wpcf7-form-control wpcf7-text wpcf7-validates-as-required\" aria-required=\"true\" aria-invalid=\"false\" value=\"\" type=\"text\" name=\"text-462\" \/><\/span> <\/label>\n<\/p>\n<p><label> Honoraires du conf\u00e9rencier<br \/>\n<span class=\"wpcf7-form-control-wrap\" data-name=\"text-921\"><input size=\"40\" maxlength=\"250\" class=\"wpcf7-form-control wpcf7-text wpcf7-validates-as-required\" aria-required=\"true\" aria-invalid=\"false\" value=\"\" type=\"text\" name=\"text-921\" \/><\/span> <\/label>\n<\/p>\n<p><label> Br\u00e8ve biographie (250 mots maximum) :<br \/>\n<span class=\"wpcf7-form-control-wrap\" data-name=\"biographie\"><textarea cols=\"40\" rows=\"10\" maxlength=\"250\" class=\"wpcf7-form-control wpcf7-textarea wpcf7-validates-as-required\" aria-required=\"true\" aria-invalid=\"false\" name=\"biographie\"><\/textarea><\/span><\/label>\n<\/p>\n<p> \u00cates-vous un ambassadeur : o\/n\n<\/p>\n<p><span class=\"wpcf7-form-control-wrap\" data-name=\"ambassador-status\"><span class=\"wpcf7-form-control wpcf7-checkbox wpcf7-validates-as-required\"><span class=\"wpcf7-list-item first\"><label><input type=\"checkbox\" name=\"ambassador-status[]\" value=\"Oui\" \/><span class=\"wpcf7-list-item-label\">Oui<\/span><\/label><\/span><span class=\"wpcf7-list-item last\"><label><input type=\"checkbox\" name=\"ambassador-status[]\" value=\"Non\" \/><span class=\"wpcf7-list-item-label\">Non<\/span><\/label><\/span><\/span><\/span>\n<\/p>\n<p><label> Pour qui \u00eates-vous un ambassadeur ?<br \/>\n<span class=\"wpcf7-form-control-wrap\" data-name=\"ambassador-pour\"><input size=\"40\" maxlength=\"400\" class=\"wpcf7-form-control wpcf7-text\" aria-invalid=\"false\" value=\"\" type=\"text\" name=\"ambassador-pour\" \/><\/span> <\/label>\n<\/p>\n<p> Avez-vous des entreprises susceptibles de vous commanditer ? o\/n\n<\/p>\n<p><span class=\"wpcf7-form-control-wrap\" data-name=\"sponsor-companies\"><span class=\"wpcf7-form-control wpcf7-checkbox wpcf7-validates-as-required\"><span class=\"wpcf7-list-item first\"><label><input type=\"checkbox\" name=\"sponsor-companies[]\" value=\"Oui\" \/><span class=\"wpcf7-list-item-label\">Oui<\/span><\/label><\/span><span class=\"wpcf7-list-item last\"><label><input type=\"checkbox\" name=\"sponsor-companies[]\" value=\"Non\" \/><span class=\"wpcf7-list-item-label\">Non<\/span><\/label><\/span><\/span><\/span>\n<\/p>\n<p><label> Indiquez l\u2019entreprise qui vous commanditerait en tant que conf\u00e9rencier<br \/>\n<span class=\"wpcf7-form-control-wrap\" data-name=\"commanditaire\"><input size=\"40\" maxlength=\"400\" class=\"wpcf7-form-control wpcf7-text\" aria-invalid=\"false\" value=\"\" type=\"text\" name=\"commanditaire\" \/><\/span> <\/label>\n<\/p>\n<p><label> Quel engagement attendons-nous de votre commanditaire?<br \/>\n<span class=\"wpcf7-form-control-wrap\" data-name=\"commanditaire\"><input size=\"40\" maxlength=\"400\" class=\"wpcf7-form-control wpcf7-text\" aria-invalid=\"false\" value=\"\" type=\"text\" name=\"commanditaire\" \/><\/span> <\/label>\n<\/p>\n<p><label> Quel sujet seriez-vous pr\u00eat \u00e0 aborder ?<br \/>\n<span class=\"wpcf7-form-control-wrap\" data-name=\"sujet\"><input size=\"40\" maxlength=\"400\" class=\"wpcf7-form-control wpcf7-text\" aria-invalid=\"false\" value=\"\" type=\"text\" name=\"sujet\" \/><\/span> <\/label>\n<\/p>\n<p> Aurez-vous besoin d'un ou de plusieurs mod\u00e8les pour votre pr\u00e9sentation ?\n<\/p>\n<p><span class=\"wpcf7-form-control-wrap\" data-name=\"models\"><span class=\"wpcf7-form-control wpcf7-checkbox wpcf7-validates-as-required\"><span class=\"wpcf7-list-item first\"><label><input type=\"checkbox\" name=\"models[]\" value=\"Oui\" \/><span class=\"wpcf7-list-item-label\">Oui<\/span><\/label><\/span><span class=\"wpcf7-list-item last\"><label><input type=\"checkbox\" name=\"models[]\" value=\"Non\" \/><span class=\"wpcf7-list-item-label\">Non<\/span><\/label><\/span><\/span><\/span>\n<\/p>\n<p><label> Avez-vous besoin de mat\u00e9riel sur place, c'est-\u00e0-dire d\u2019\u00e9clairage ou de toiles de fond ? <span class=\"wpcf7-form-control-wrap\" data-name=\"text-material\"><input size=\"40\" maxlength=\"400\" class=\"wpcf7-form-control wpcf7-text\" aria-invalid=\"false\" value=\"\" type=\"text\" name=\"text-material\" \/><\/span><\/label>\n<\/p>\n<p><label> Quel serait le titre de votre pr\u00e9sentation ?<br \/>\n<span class=\"wpcf7-form-control-wrap\" data-name=\"titre\"><input size=\"40\" maxlength=\"400\" class=\"wpcf7-form-control wpcf7-text\" aria-invalid=\"false\" value=\"\" type=\"text\" name=\"titre\" \/><\/span> <\/label>\n<\/p>\n<p><label> Fournissez une br\u00e8ve description (500 mots maximum) de la pr\u00e9sentation et indiquez les r\u00e9sultats escompt\u00e9s<br \/>\n<span class=\"wpcf7-form-control-wrap\" data-name=\"topic-description\"><textarea cols=\"40\" rows=\"10\" maxlength=\"500\" class=\"wpcf7-form-control wpcf7-textarea wpcf7-validates-as-required\" aria-required=\"true\" aria-invalid=\"false\" name=\"topic-description\"><\/textarea><\/span> <\/label>\n<\/p>\n<p><label> Email<br \/>\n<span class=\"wpcf7-form-control-wrap\" data-name=\"Email\"><input size=\"40\" maxlength=\"400\" class=\"wpcf7-form-control wpcf7-email wpcf7-validates-as-required wpcf7-text wpcf7-validates-as-email\" autocomplete=\"email\" aria-required=\"true\" aria-invalid=\"false\" value=\"\" type=\"email\" name=\"Email\" \/><\/span> <\/label>\n<\/p>\n<p><input class=\"wpcf7-form-control wpcf7-submit has-spinner\" type=\"submit\" value=\"Submit\" \/>\n<\/p><div class=\"wpcf7-response-output\" aria-hidden=\"true\"><\/div>\n<\/form>\n<\/div>\n<\/div>\n\t\t\t\t\t\t<\/div>\n\t\t\t\t<\/div>\n\t\t\t\t\t<\/div>\n\t\t\t\t<\/div>\n\t\t\t\t<\/div>\n\t\t","protected":false},"excerpt":{"rendered":"<p>Nous vous remercions de l\u2019int\u00e9r\u00eat que vous portez \u00e0 la pr\u00e9sentation d\u2019une conf\u00e9rence lors du Congr\u00e8s canadien de l\u2019image et Salon des exposants (CICE) ! Nous sommes ravis de recevoir des demandes de conf\u00e9renciers passionn\u00e9s et novateurs. Lignes directrices pour les demandes d\u2019inscription Nous sommes constamment \u00e0 la recherche d\u2019id\u00e9es nouvelles et inspirantes qui captiveront&hellip;<\/p>\n","protected":false},"author":21,"featured_media":0,"parent":0,"menu_order":0,"comment_status":"closed","ping_status":"closed","template":"","meta":{"footnotes":""},"class_list":["post-16368","page","type-page","status-publish","hentry"],"_links":{"self":[{"href":"https:\/\/canadianimaging.org\/fr\/wp-json\/wp\/v2\/pages\/16368","targetHints":{"allow":["GET"]}}],"collection":[{"href":"https:\/\/canadianimaging.org\/fr\/wp-json\/wp\/v2\/pages"}],"about":[{"href":"https:\/\/canadianimaging.org\/fr\/wp-json\/wp\/v2\/types\/page"}],"author":[{"embeddable":true,"href":"https:\/\/canadianimaging.org\/fr\/wp-json\/wp\/v2\/users\/21"}],"replies":[{"embeddable":true,"href":"https:\/\/canadianimaging.org\/fr\/wp-json\/wp\/v2\/comments?post=16368"}],"version-history":[{"count":3,"href":"https:\/\/canadianimaging.org\/fr\/wp-json\/wp\/v2\/pages\/16368\/revisions"}],"predecessor-version":[{"id":16374,"href":"https:\/\/canadianimaging.org\/fr\/wp-json\/wp\/v2\/pages\/16368\/revisions\/16374"}],"wp:attachment":[{"href":"https:\/\/canadianimaging.org\/fr\/wp-json\/wp\/v2\/media?parent=16368"}],"curies":[{"name":"wp","href":"https:\/\/api.w.org\/{rel}","templated":true}]}}

2027 Demande de conférencier

<div data-elementor-type="wp-page" data-elementor-id="16368" class="elementor elementor-16368 elementor-15172" data-elementor-post-type="page">
				<div class="elementor-element elementor-element-7bb6540 e-grid e-con-boxed e-con e-parent" data-id="7bb6540" data-element_type="container">
					<div class="e-con-inner">
				<div class="elementor-element elementor-element-9a6370b elementor-widget elementor-widget-text-editor" data-id="9a6370b" data-element_type="widget" data-widget_type="text-editor.default">
				<div class="elementor-widget-container">
									<p>Nous vous remercions de l’intérêt que vous portez à la présentation d’une conférence lors du</p>
<p>Congrès canadien de l’image et Salon des exposants (CICE) !</p>
<p>Nous sommes ravis de recevoir des demandes de conférenciers passionnés et novateurs.</p>
<p>Lignes directrices pour les demandes d’inscription</p>
<p>Nous sommes constamment à la recherche d’idées nouvelles et inspirantes qui captiveront et informeront notre auditoire. Votre proposition doit viser à éduquer, motiver et trouver un écho auprès de notre groupe diversifié de participants.</p>
<p><strong>Les éléments clés à prendre en compte pour votre soumission :</strong></p>
<p>· Notre public va des débutants aux participants de niveau avancé, la plupart étant des professionnels expérimentés. Veuillez décrire comment votre présentation s’adressera à cet ensemble de compétences.</p>
<p>· Le CICE est conçu pour soutenir les photographes travaillant autant à temps partiel qu’à temps plein. Votre contenu doit fournir des informations utiles et pertinentes pour ce spectre.</p>
<p>· Nous accueillons favorablement les sujets qui qui incitent les participants à élargir leurs compétences et à repousser les limites de la photographie.</p>
<p>· Vous disposerez de 90 minutes pour faire votre présentation, ce qui inclut le temps pour les questions et les réponses.</p>
<p>· Notre objectif est d’inspirer les participants avec de nouvelles perspectives et de les doter d’outils pratiques et de connaissances qui leur permettront d’élever leur carrière dans l’industrie.</p>
<p><strong>Remarques importantes:</strong></p>
<p>· La soumission ne garantit pas d’être sélectionné. Le nombre de places étant limités, toutes les propositions seront soigneusement examinées par le comité de planification du CICE.</p>
<p>· Les candidats seront informés de leur statut une fois le processus de sélection terminé.</p>
<p>Bonne chance ! Nous sommes impatients de connaître vos idées pour faire du CICE 2027 un événement extraordinaire.</p>
<p><em>~Michel Ingram</em></p>
<p><strong>Remarque :</strong> les candidatures pour le CICE 2027 sont désormais fermées. Si vous souhaitez prendre la parole lors du CICE 2027, veuillez remplir le formulaire de candidature avant le 7 juillet 2026.</p>
								</div>
				</div>
					</div>
				</div>
		<div class="elementor-element elementor-element-18542a7 e-flex e-con-boxed e-con e-parent" data-id="18542a7" data-element_type="container">
					<div class="e-con-inner">
				<div class="elementor-element elementor-element-177452e elementor-widget elementor-widget-shortcode" data-id="177452e" data-element_type="widget" data-widget_type="shortcode.default">
				<div class="elementor-widget-container">
							<div class="elementor-shortcode">
<div class="wpcf7 no-js" id="wpcf7-f15141-o1" lang="en-US" dir="ltr" data-wpcf7-id="15141">
<div class="screen-reader-response"><p role="status" aria-live="polite" aria-atomic="true"></p> <ul></ul></div>
<form action="/fr/wp-json/wp/v2/pages/16368#wpcf7-f15141-o1" method="post" class="wpcf7-form init" aria-label="Contact form" novalidate="novalidate" data-status="init">
<fieldset class="hidden-fields-container"><input type="hidden" name="_wpcf7" value="15141" /><input type="hidden" name="_wpcf7_version" value="6.1.5" /><input type="hidden" name="_wpcf7_locale" value="en_US" /><input type="hidden" name="_wpcf7_unit_tag" value="wpcf7-f15141-o1" /><input type="hidden" name="_wpcf7_container_post" value="0" /><input type="hidden" name="_wpcf7_posted_data_hash" value="" /><input type="hidden" name="_wpcf7_recaptcha_response" value="" />
</fieldset>
<p><label> Nom<br />
<span class="wpcf7-form-control-wrap" data-name="your-name"><input size="40" maxlength="400" class="wpcf7-form-control wpcf7-text wpcf7-validates-as-required" autocomplete="nom" aria-required="true" aria-invalid="false" value="" type="text" name="your-name" /></span> </label>
</p>
<p><label> Nom de l'entreprise<br />
<span class="wpcf7-form-control-wrap" data-name="nom-entreprise"><input size="40" maxlength="400" class="wpcf7-form-control wpcf7-text wpcf7-validates-as-required" autocomplete="off" aria-required="true" aria-invalid="false" value="" type="text" name="nom-entreprise" /></span> </label>
</p>
<p><label> Site Web et Instagram<br />
<span class="wpcf7-form-control-wrap" data-name="site-web-et-instagram"><input size="40" maxlength="400" class="wpcf7-form-control wpcf7-text wpcf7-validates-as-required" autocomplete="off" aria-required="true" aria-invalid="false" value="" type="text" name="site-web-et-instagram" /></span> </label>
</p>
<p><label> Expérience du conférencier<br />
<span class="wpcf7-form-control-wrap" data-name="text-462"><input size="40" maxlength="400" class="wpcf7-form-control wpcf7-text wpcf7-validates-as-required" aria-required="true" aria-invalid="false" value="" type="text" name="text-462" /></span> </label>
</p>
<p><label> Honoraires du conférencier<br />
<span class="wpcf7-form-control-wrap" data-name="text-921"><input size="40" maxlength="250" class="wpcf7-form-control wpcf7-text wpcf7-validates-as-required" aria-required="true" aria-invalid="false" value="" type="text" name="text-921" /></span> </label>
</p>
<p><label> Brève biographie (250 mots maximum) :<br />
<span class="wpcf7-form-control-wrap" data-name="biographie"><textarea cols="40" rows="10" maxlength="250" class="wpcf7-form-control wpcf7-textarea wpcf7-validates-as-required" aria-required="true" aria-invalid="false" name="biographie"></textarea></span></label>
</p>
<p> Êtes-vous un ambassadeur : o/n
</p>
<p><span class="wpcf7-form-control-wrap" data-name="ambassador-status"><span class="wpcf7-form-control wpcf7-checkbox wpcf7-validates-as-required"><span class="wpcf7-list-item first"><label><input type="checkbox" name="ambassador-status[]" value="Oui" /><span class="wpcf7-list-item-label">Oui</span></label></span><span class="wpcf7-list-item last"><label><input type="checkbox" name="ambassador-status[]" value="Non" /><span class="wpcf7-list-item-label">Non</span></label></span></span></span>
</p>
<p><label> Pour qui êtes-vous un ambassadeur ?<br />
<span class="wpcf7-form-control-wrap" data-name="ambassador-pour"><input size="40" maxlength="400" class="wpcf7-form-control wpcf7-text" aria-invalid="false" value="" type="text" name="ambassador-pour" /></span> </label>
</p>
<p> Avez-vous des entreprises susceptibles de vous commanditer ? o/n
</p>
<p><span class="wpcf7-form-control-wrap" data-name="sponsor-companies"><span class="wpcf7-form-control wpcf7-checkbox wpcf7-validates-as-required"><span class="wpcf7-list-item first"><label><input type="checkbox" name="sponsor-companies[]" value="Oui" /><span class="wpcf7-list-item-label">Oui</span></label></span><span class="wpcf7-list-item last"><label><input type="checkbox" name="sponsor-companies[]" value="Non" /><span class="wpcf7-list-item-label">Non</span></label></span></span></span>
</p>
<p><label> Indiquez l’entreprise qui vous commanditerait en tant que conférencier<br />
<span class="wpcf7-form-control-wrap" data-name="commanditaire"><input size="40" maxlength="400" class="wpcf7-form-control wpcf7-text" aria-invalid="false" value="" type="text" name="commanditaire" /></span> </label>
</p>
<p><label> Quel engagement attendons-nous de votre commanditaire?<br />
<span class="wpcf7-form-control-wrap" data-name="commanditaire"><input size="40" maxlength="400" class="wpcf7-form-control wpcf7-text" aria-invalid="false" value="" type="text" name="commanditaire" /></span> </label>
</p>
<p><label> Quel sujet seriez-vous prêt à aborder ?<br />
<span class="wpcf7-form-control-wrap" data-name="sujet"><input size="40" maxlength="400" class="wpcf7-form-control wpcf7-text" aria-invalid="false" value="" type="text" name="sujet" /></span> </label>
</p>
<p> Aurez-vous besoin d'un ou de plusieurs modèles pour votre présentation ?
</p>
<p><span class="wpcf7-form-control-wrap" data-name="models"><span class="wpcf7-form-control wpcf7-checkbox wpcf7-validates-as-required"><span class="wpcf7-list-item first"><label><input type="checkbox" name="models[]" value="Oui" /><span class="wpcf7-list-item-label">Oui</span></label></span><span class="wpcf7-list-item last"><label><input type="checkbox" name="models[]" value="Non" /><span class="wpcf7-list-item-label">Non</span></label></span></span></span>
</p>
<p><label> Avez-vous besoin de matériel sur place, c'est-à-dire d’éclairage ou de toiles de fond ? <span class="wpcf7-form-control-wrap" data-name="text-material"><input size="40" maxlength="400" class="wpcf7-form-control wpcf7-text" aria-invalid="false" value="" type="text" name="text-material" /></span></label>
</p>
<p><label> Quel serait le titre de votre présentation ?<br />
<span class="wpcf7-form-control-wrap" data-name="titre"><input size="40" maxlength="400" class="wpcf7-form-control wpcf7-text" aria-invalid="false" value="" type="text" name="titre" /></span> </label>
</p>
<p><label> Fournissez une brève description (500 mots maximum) de la présentation et indiquez les résultats escomptés<br />
<span class="wpcf7-form-control-wrap" data-name="topic-description"><textarea cols="40" rows="10" maxlength="500" class="wpcf7-form-control wpcf7-textarea wpcf7-validates-as-required" aria-required="true" aria-invalid="false" name="topic-description"></textarea></span> </label>
</p>
<p><label> Email<br />
<span class="wpcf7-form-control-wrap" data-name="Email"><input size="40" maxlength="400" class="wpcf7-form-control wpcf7-email wpcf7-validates-as-required wpcf7-text wpcf7-validates-as-email" autocomplete="email" aria-required="true" aria-invalid="false" value="" type="email" name="Email" /></span> </label>
</p>
<p><input class="wpcf7-form-control wpcf7-submit has-spinner" type="submit" value="Submit" />
</p><div class="wpcf7-response-output" aria-hidden="true"></div>
</form>
</div>
</div>
						</div>
				</div>
					</div>
				</div>
				</div>

<p>Nous vous remercions de l’intérêt que vous portez à la présentation d’une conférence lors du Congrès canadien de l’image et Salon des exposants (CICE) ! Nous sommes ravis de recevoir des demandes de conférenciers passionnés et novateurs. Lignes directrices pour les demandes d’inscription Nous sommes constamment à la recherche d’idées nouvelles et inspirantes qui captiveront&hellip;</p>
